 digit of 2513717?
7
What is the tens digit of 271682?
8
What is the hundreds digit of 256843?
8
What is the ten thousands digit of 2129284?
2
What is the ten thousands digit of 128824?
2
What is the hundreds digit of 53101?
1
What is the ten thousands digit of 964091?
6
What is the hundreds digit of 2376906?
9
What is the ten millions digit of 19166712?
1
What is the ten thousands digit of 1485099?
8
What is the ten thousands digit of 249567?
4
What is the thousands digit of 34372905?
2
What is the hundreds digit of 4226334?
3
What is the thousands digit of 467725?
7
What is the hundred thousands digit of 278987?
2
What is the hundreds digit of 99440?
4
What is the tens digit of 4197?
9
What is the units digit of 6523453?
3
What is the ten thousands digit of 77711?
7
What is the tens digit of 1306592?
9
What is the tens digit of 372997?
9
What is the ten thousands digit of 1149391?
4
What is the thousands digit of 2584264?
4
What is the hundreds digit of 8955143?
1
What is the millions digit of 1788446?
1
What is the tens digit of 148635?
3
What is the ten millions digit of 20518349?
2
What is the thousands digit of 5904765?
4
What is the thousands digit of 2385238?
5
What is the ten thousands digit of 1727180?
2
What is the tens digit of 50412?
1
What is the ten thousands digit of 1007081?
0
What is the ten thousands digit of 8666641?
6
What is the units digit of 680921?
1
What is the hundred thousands digit of 401555?
4
What is the hundreds digit of 686504?
5
What is the hundreds digit of 38890?
8
What is the ten thousands digit of 385679?
8
What is the units digit of 20872579?
9
What is the thousands digit of 118474?
8
What is the millions digit of 6186140?
6
What is the tens digit of 709292?
9
What is the hundreds digit of 2186681?
6
What is the tens digit of 11046428?
2
What is the units digit of 264261?
1
What is the millions digit of 5116042?
5
What is the tens digit of 3366124?
2
What is the hundreds digit of 3453456?
4
What is the tens digit of 10966144?
4
What is the hundred thousands digit of 10095557?
0
What is the thousands digit of 77104?
7
What is the ten thousands digit of 798764?
9
What is the units digit of 4828095?
5
What is the millions digit of 1351301?
1
What is the thousands digit of 47187?
7
What is the tens digit of 1958676?
7
What is the thousands digit of 2224839?
4
What is the units digit of 6857958?
8
What is the hundreds digit of 743606?
6
What is the millions digit of 5649859?
5
What is the units digit of 36580715?
5
What is the hundred thousands digit of 9976606?
9
What is the ten thousands digit of 17295239?
9
What is the units digit of 2778?
8
What is the units digit of 12468448?
8
What is the hundreds digit of 15553285?
2
What is the tens digit of 5803195?
9
What is the millions digit of 14805892?
4
What is the thousands digit of 338164?
8
What is the ten thousands digit of 103191?
0
What is the thousands digit of 24018?
4
What is the thousands digit of 4110858?
0
What is the units digit of 1239559?
9
What is the millions digit of 4408748?
4
What is the hundreds digit of 759703?
7
What is the millions digit of 9837422?
9
What is the tens digit of 268172?
7
What is the hundreds digit of 259777?
7
What is the tens digit of 738396?
9
What is the tens digit of 379620?
2
What is the units digit of 12198621?
1
What is the ten thousands digit of 7587312?
8
What is the hundred thousands digit of 5233814?
2
What is the hundred thousands digit of 3208815?
2
What is the tens digit of 1912798?
9
What is the units digit of 357158?
8
What is the hundreds digit of 213979?
9
What is the tens digit of 506699?
9
What is the hundreds digit of 2278419?
4
What is the tens digit of 307882?
8
What is the units digit of 11577087?
7
What is the units digit of 447011?
1
What is the hundreds digit of 1486805?
8
What is the thousands digit of 1735841?
5
What is the hundred thousands digit of 1321682?
3
What is the hundreds digit of 22281665?
6
What is the thousands digit of 809412?
9
What is the hundreds digit of 6778959?
9
What is the millions digit of 4436426?
4
What is the thousands digit of 20889?
0
What is the hundred thousands digit of 11626756?
6
What is the hundreds digit of 4123754?
7
What is the units digit of 2147238?
8
What is the ten thousands digit of 1246946?
4
What is the units digit of 6327?
7
What is the ten millions digit of 27301603?
2
What is the ten thousands digit of 217397?
1
What is the hundred thousands digit of 531428?
5
What is the millions digit of 1312454?
1
What is the units digit of 620616?
6
What is the hundreds digit of 61448?
4
What is the ten thousands digit of 153310?
5
What is the thousands digit of 48294?
8
What is the thousands digit of 965560?
5
What is the ten thousands digit of 20510005?
1
What is the hundreds digit of 1907208?
2
What is the tens digit of 2149?
4
What is the hundred thousands digit of 861729?
8
What is the units digit of 22309?
9
What is the ten thousands digit of 10094339?
9
What is the hundreds digit of 480504?
5
What is the thousands digit of 243063?
3
What is the millions digit of 2696108?
2
What is the hundreds digit of 95583?
5
What is the ten thousands digit of 434398?
3
What is the hundreds digit of 4078622?
6
What is the hundred thousands digit of 139616?
1
What is the units digit of 19586?
6
What is the tens digit of 1534310?
1
What is the hundreds digit of 259236?
2
What is the tens digit of 5809?
0
What is the hundreds digit of 724318?
3
What is the thousands digit of 232076?
2
What is the hundreds digit of 1386590?
5
What is the millions digit of 3285519?
3
What is the hundreds digit of 84984?
9
What is the tens digit of 92689?
8
What is the thousands digit of 76136?
6
What is the hundred thousands digit of 4557848?
5
What is the tens digit of 275283?
8
What is the hundreds digit of 10280805?
8
What is the thousands digit of 984630?
4
What is the units digit of 5394272?
2
What is the hundreds digit of 60888?
8
What is the thousands digit of 69640?
9
What is the units digit of 995527?
7
What is the hundreds digit of 6540795?
7
What is the thousands digit of 302105?
2
What is the tens digit of 23266191?
9
What is the units digit of 1062682?
2
What is the hundreds digit of 767470?
4
What is the ten millions digit of 11327955?
1
What is the units digit of 11205744?
4
What is the tens digit of 2068391?
9
What is the hundreds digit of 127933?
9
What is the thousands digit of 95012?
5
What is the ten thousands digit of 757892?
5
What is the hundred thousands digit of 115466?
1
What is the millions digit of 17573031?
7
What is the units digit of 56745?
5
What is the units digit of 5969825?
5
What is the hundreds digit of 486327?
3
What is the hundreds digit of 1323435?
4
What is the hundreds digit of 635332?
3
What is the ten thousands digit of 5772438?
7
What is the units digit of 999368?
8
What is the ten thousands digit of 19355561?
5
What is the ten thousands digit of 6465516?
6
What is the ten thousands digit of 85136?
8
What is the hundreds digit of 56516?
5
What is the millions digit of 2949311?
2
What is the ten thousands digit of 1859260?
5
What is the hundreds digit of 156081?
0
What is the hundred thousands digit of 9677202?
6
What is the tens digit of 18512?
1
What is the tens digit of 96027?
2
What is the hundred thousands digit of 14718294?
7
What is the hundred thousands digit of 116349?
1
What is the thousands digit of 22140677?
0
What is the units digit of 6620954?
4
What is the hundreds digit of 29816481?
4
What is the millions digit of 11045945?
1
What is the units digit of 881964?
4
What is the hundred thousands digit of 3590648?
5
What is the tens digit of 669540?
4
What is the units digit of 28387986?
6
What is the thousands digit of 316220?
6
What is the ten thousands digit of 3528205?
2
What is the units digit of 479971?
1
What is the units digit of 524350?
0
What is the tens digit of 203477?
7
What is the hundreds digit of 823353?
3
What is the ten thousands digit of 4274778?
7
What is the ten millions digit of 23314261?
2
What is the ten millions digit of 16874563?
1
What is the tens digit of 1418124?
2
What is the tens digit of 920851?
5
What is the ten thousands digit of 1329009?
2
What is the tens digit of 4683874?
7
What is the millions 